 - 10, -2*h - 15 = -2*r - 3*r. Let b(w) = 2*w + 1. Determine b(r).
11
Let x(c) = c**3 - 3*c + 3. Let v be x(2). Let n(m) = -2*m**2 - 3*m - 2. Let t(r) = 3*r**2 + 7*r + 3. Let k(d) = -5*n(d) - 3*t(d). Calculate k(v).
-4
Let o be (2 + -2)*2/6. Let t(w) = w + 2*w**2 - 2*w**2 + 13 + 2*w**2 - w**2. Calculate t(o).
13
Let h(z) = z**2 + z - 4. Suppose -2*b + 11 = -r, 4*b + 0 - 7 = -3*r. Calculate h(r).
2
Let m(s) be the third derivative of -s**7/2520 + s**6/120 + s**5/30 + s**4/6 - 4*s**2. Let p(a) be the second derivative of m(a). Determine p(6).
4
Let u(d) be the third derivative of -d**6/120 - d**5/10 - d**4/8 - d**3 - 24*d**2. Give u(-6).
12
Let v(t) = -t + 2. Suppose 3*l - 13 = -2*h - 0*l, 4*h + 3*l - 17 = 0. Calculate v(h).
0
Suppose 5*i - j - 19 = 0, -3*i - 2*i = -4*j - 31. Let d(l) = l**3 - 3*l**2 + l + 2. Give d(i).
5
Let k(d) be the first derivative of -d**3/3 - 7*d**2/2 - 6*d - 4. Give k(-4).
6
Let z(s) be the second derivative of s**5/20 + 5*s**4/12 + 2*s**3/3 - 3*s + 5. Give z(-3).
6
Suppose 16 = -3*j + 4*j. Suppose -4*l = -y - 6, 0 = -5*y - 2*l - l + j. Let t(w) = -w - 1. Let m(f) = -4*f - 1. Let v(h) = -m(h) + 3*t(h). Calculate v(y).
0
Let s(i) = -i + 3. Let x be 1/(((-11)/6)/(-11)). What is s(x)?
-3
Let x(u) = u**3 - u**2 - 4*u - 1. Let s be ((-30)/(-25))/(2/10). Suppose s*t = 2*t + 12. Calculate x(t).
5
Let b(x) = x**3 - 27*x**2 - 31*x + 90. Let j be b(28). Let y(k) = k**3 - 7*k**2 + 7*k + 7. Give y(j).
13
Let c(p) = p**2 + 6*p + 2. Let w(t) = 2*t**2 + 6*t + 2. Let z(d) = 3*c(d) - 2*w(d). Calculate z(6).
2
Let y(h) = h**2 + h. Let s(m) = -2*m**2 - 5*m - 2. Let l(d) = s(d) + y(d). Let j(t) be the first derivative of l(t). Let q = -14 - -9. Calculate j(q).
6
Let s(a) = -a**3 - 8*a**2 + 9*a + 5. Let w be s(-9). Let d(q) = q**3 - 6*q**2 + 5*q. Let b be d(w). Let f(c) = c - 4. Calculate f(b).
-4
Suppose 0 = -4*q - 3*h - 1, -2*q - h + 2 = -3*q. Let y be 3/q + 0 - -3. Let z(r) = -9*r + 2. Let n(k) = -5*k + 1. Let l(p) = 7*n(p) - 4*z(p). Determine l(y).
-1
Let d(k) = -3*k**2 + 4*k - 2. Suppose -u - 7 = -9. Let r(b) = b**2 - 1. Suppose 0 = i - 5*x + 4*x, 0 = -4*x + 4. Let o(h) = i*d(h) + u*r(h). Give o(5).
-9
Let y(l) = l**2 - 6*l + 1. Let d be y(5). Let g(a) = 47*a**2 - 93*a**2 - 1 - 2*a + 45*a**2. Calculate g(d).
-9
Suppose 4*k - r + 14 = 0, r - 3*r = -4. Let m(g) = 9*g**2 - 2*g - 9. Let u(l) = -4*l**2 + l + 4. Let f(o) = 3*m(o) + 7*u(o). Give f(k).
-11
Let h(f) = -4*f**2 - f. Let x(p) = -5*p**2 - p. Let k(n) = 2*h(n) - 3*x(n). Calculate k(-1).
6
Let t = 53 - 54. Let q(l) = 9*l**3 + l**2. Determine q(t).
-8
Let m(u) = 3*u**2 + 8*u - 5. Let q(i) = -4*i**2 - 8*i + 4. Let c(w) = -3*m(w) - 2*q(w). Calculate c(-7).
14
Let o(h) be the second derivative of -7*h**4/12 + h**3/3 + h**2/2 + 7*h. Calculate o(-1).
-8
Let h(w) = -w + 1. Let x(d) = -d - 3. Let z(j) = 2*h(j) + x(j). Give z(-1).
2
Let d(o) = 0*o - 2*o**2 - 2*o + 2 + 5*o. Give d(-2).
-12
Suppose 3*h - 7*h = -3*v - 20, -v + 2 = 3*h. Let s(p) be the third derivative of -p**4/4 - p**3/6 - 3*p**2. Determine s(h).
-13
Let a(x) = -3 + x**2 + 2 - 4*x + 2*x - 1. Calculate a(4).
6
Let m(y) = -y + 2. Suppose -2*a + 12 = b, -b + 8 = -0*a + a. Determine m(b).
-2
Let r(i) be the first derivative of -i**4/4 - 2*i**3 - 3*i + 34. Determine r(-6).
-3
Let c(k) = k**2 - 6*k - 3. Let a be c(6). Let x(i) = -i**3 - i**2 + 4*i. Determine x(a).
6
Let k(i) = -i**2 - 3*i + 4. Let f = 3 + -1. Suppose -4 = 2*z + 2*m, f*m = -4*z - 1 - 1. Let a = -2 - z. Give k(a).
4
Suppose 0 = 3*z + 2*z - 25. Let u(r) = 5*r - 6*r + 2*r. Let j(a) = -a - 3. Let k(c) = j(c) + 2*u(c). What is k(z)?
2
Suppose z - 4 = 0, 4*c = -4*z - 0*z + 100. Let x = -14 + c. Let n be 3/12 + x/4. Let q(g) = 8*g - 2. Determine q(n).
14
Suppose 3*l - 4 - 1 = -4*t, t = l - 4. Let y(m) = -m**2 + 1. Determine y(t).
0
Let g(k) be the third derivative of -k**5/60 + 5*k**4/24 - k**3/6 - 4*k**2 + 2*k. Give g(6).
-7
Let d(x) = 4*x + 3. Let w be d(-2). Let g(q) = q**3 + 4*q**2 - 6*q + 2. Calculate g(w).
7
Suppose 5*b - 9 = 4*l, -3*l - 5*b = -39 + 2. Let p be -2 + l + 4*1. Let k(t) = 2 + 4*t**2 - p*t**2 + 5*t + 3*t**2. Determine k(-2).
-4
Let k(v) = 4*v**3 - 5*v. Let d(i) = -5*i**3 - i**2 + 6*i. Suppose 2 = -3*w + 14. Let b(c) = w*k(c) + 3*d(c). Let h = 8 - 5. What is b(h)?
-6
Suppose 0 = -b + 7 - 4. Let c(h) = h**3 - 4*h**2 + 3*h + 4. Give c(b).
4
Suppose 0 = 5*b - 9*b + 32. Let p(s) = s - 1. Calculate p(b).
7
Let z(s) = s**3 - 3*s**2 + 4. Let b be z(3). Let f(h) = -h**3 + 5*h**2 - 5*h + 3. Determine f(b).
-1
Let z = 14 + -14. Let g(m) be the first derivative of -m**3/3 + 10*m + 3. What is g(z)?
10
Let p(v) = 13*v**2 + 2*v**2 + 9 - 3*v**2 + 2*v + 2*v**3 - 6*v**3. Let q(t) = -3*t**3 + 8*t**2 + t + 6. Let f(r) = -5*p(r) + 7*q(r). Give f(-3).
-3
Let l(o) = -o**3 - 3*o**2 - o - 4. Let n be -2*((-9)/(-2) + -3). What is l(n)?
-1
Let b(m) = -2*m**2 + 14*m + 8. Let k(n) = n**2 - 7*n - 4. Let d(u) = 4*b(u) + 7*k(u). Give d(7).
4
Let q(a) be the third derivative of -a**6/120 + a**5/12 + a**4/24 + a**3/3 - 7*a**2 + 3. Calculate q(5).
7
Let x be -8*(2/(-4) - 0). Suppose -c + 5*w - 6 = -20, -5*w = 3*c - 2. Let v(g) = c*g - 1 + 4 - 5*g. What is v(x)?
-1
Suppose -h + 0 = 3. Let x(k) be the third derivative of -k**5/60 - 5*k**4/24 - k**3/6 - 7*k**2. Determine x(h).
5
Let t(n) be the third derivative of 0*n + n**2 + 0 - 1/120*n**6 - 1/3*n**3 - 1/60*n**5 - 1/24*n**4. What is t(-2)?
4
Suppose -2*j = 5*q - 26, 2*q + j = 3 + 7. Let r be 1 - (1 - q) - 0. Let t = -3 + r. Let x(w) = w**2 - 2*w - 3. Determine x(t).
0
Suppose 0*s + 3*s = 0. Let m = 2 + s. Let k(r) = -r**3 + m*r**2 - 3*r**2 + 0*r**2 + 2*r. Calculate k(-3).
12
Let f(p) = p**2 + 0 - 3 + 8*p**2 + p - 10*p**2 - p**3. Determine f(0).
-3
Let w(x) be the third derivative of -x**5/60 + 3*x**3/2 - 41*x**2. Calculate w(0).
9
Let l(n) = -n**3 + 2 + 0*n**3 + 2*n - 3*n. Determine l(2).
-8
Let s(u) be the first derivative of 1/2*u**2 + u - 1. Let b = 135 + -140. Give s(b).
-4
Let w(n) = n**2 - 3*n - 11. Let v be (9/(-6))/(3/(-10)). Let h be w(v). Let u(f) = 3*f**2 - 1. What is u(h)?
2
Let y(h) = -h**3 - 4*h**2 - 4*h - 4. Let u(r) = r**2 + 5*r - 3. Let q be -4 + 5 - (0 + 6). Let l be u(q). Calculate y(l).
-1
Let f(p) = p**2 + p - 2. Let d = -4 + 6. Let i be f(d). Let b(x) be the second derivative of x**4/12 - 5*x**3/6 + 2*x**2 - x. What is b(i)?
0
Suppose 144*g = 146*g - 4. Let i(j) be the third derivative of j**4/12 - j**3/3 - j**2. Calculate i(g).
2
Suppose -3*l - 2*l + 5 = -3*h, 0 = -4*h + 2*l - 16. Suppose 5*p = 9 + 1. Let j(o) = -o**3 - 3*o**2 + 6*o - 1 + 4 + o**2 - p*o**2. Determine j(h).
-2
Let m be 18/4 + (-12)/8. Let o(i) = -1 - 4*i + m*i + 0. Let k = 5 + -10. Give o(k).
4
Let w = -2 - 4. Let p be (w + 7)*(-8)/2. Let n = -2 - p. Let k(q) = -q**3 + 2*q - 1. Give k(n).
-5
Let y(i) = -2*i - 1 + 4*i + 2. Let j be (-2 - 0) + 3/3. Calculate y(j).
-1
Let p be 3/(-6)*2*4. Let v(i) = 4*i**3 - 5*i**2 + 3*i - 6. Let f(t) = -3*t**3 - 2*t + 2 + 0*t**3 + 3*t**2 + 2. Let h(n) = -7*f(n) - 5*v(n). Calculate h(p).
6
Let c(a) = -3*a**2 + 4 - a**2 + a**3 + 6*a**2. Suppose 9 = -3*k - 0. Determine c(k).
-5
Let m(u) = -8 + 5*u - 3*u + 1. Let h be m(6). Let w(n) = 2*n**2 + 3 + 4*n**2 - h*n**2 - 4*n. Calculate w(3).
0
Let v(h) be the first derivative of -h**3/3 + h**2/2 + 2*h - 5. What is v(0)?
2
Suppose -r + 3*r + 14 = 5*p, r - 3*p = -9. Let o(a) = -26*a - 3 + r + 25*a. Calculate o(5).
-5
Let c be (-1)/((2/4)/1). Let m be 5 + c + 0 + 3. Let g(z) = z**2 - 3*z - 7. What is g(m)?
11
Let x(g) = -g + 5. Let p be ((-2)/3)/((-4)/30). Suppose u - p*u = 0. What is x(u)?
5
Let v(s) = 2*s - s - 2*s. Suppose 0 = y + 3*y - 8, 4*d - 3*y - 2 = 0. Let k(h) = -h**2 + 3*h - 4. Let b(j) = d*v(j) - k(j). Give b(5).
4
Let o(a) = 4*a**2 - 3*a - 2. Let h(c) = -4 + 1 + 4*c**2 - 4*c + c**2. Let n(v) = -2*h(v) + 3*o(v). What is n(-1)?
3
Let v(n) be the third derivative of 1/3*n**3 + 0*n - 1/12*n**4 + 0 - 2*n**2 - 1/15*n**5. What is v(-2)?
-10
Let g(o) = -o**3 + 7*o**2 + 2. Let s(u) = u**3 - 6*u**2 + u - 1. Let l(k) = 2*g(k) + 3*s(k). Let w be (-18)/(-4)*12/18. Determine l(w).
1
Let a(n) = -n**3 + 8*n**2 - n + 9. Let i be a(8). Let j(l) = 4*l**2 - l + 1. Calculate j(i).
4
Let b = 35 + -49. Let t = b - -19. Let s(g) = g**3 - 6*g**2 + 6*g - 2. Calculate s(t).
3
Let o(a) be the fi